(1). Let n = a - j. What is the units digit of n?
5
Suppose -4*d + i + 1144 = 0, -7*d - 2*i = -9*d + 566. What is the tens digit of d?
8
Let y(n) = -n**3 - 8*n**2 - 7*n - 1. Let c be y(-6). Let i = c + 20. Let s = 12 - i. What is the tens digit of s?
2
What is the units digit of (-439)/(-9) + 40/180 - -1?
0
Let d(c) be the third derivative of 2*c**2 + 0*c + 1/6*c**3 + 0 - 5/8*c**4. What is the units digit of d(-1)?
6
Let c = -17 + 20. Suppose 4*f = -c*l + 88, -2*f - 5*l + 3*l + 44 = 0. Suppose -3*j + 124 = f. What is the tens digit of j?
3
Suppose 24*b = 32973 - 5157. What is the thousands digit of b?
1
Suppose -w - 2682 - 3312 = -4*k, w - 5998 = -4*k. What is the units digit of k?
9
Let u(m) = -60*m + 17. What is the hundreds digit of u(-17)?
0
Suppose 22*d - 19*d = 87. Let p = d - 20. Suppose -3*r + 51 = -p. What is the tens digit of r?
2
Suppose -3*w + 0*w = -2*j + 14, -5*w + 2 = 3*j. What is the tens digit of 89 + (0/(-3) - w)?
9
Let j = -63 + 343. What is the tens digit of j?
8
What is the tens digit of (120/10 - 10) + (3036 - -3)?
4
Let q(a) = -a**3 - 5*a**2. Let i be q(-5). Suppose i = -0*x + x + 19. Let l = x + 38. What is the units digit of l?
9
Let h = 207 + -146. Let j be (-14)/(-3) - -1 - (-530)/(-795). Suppose -134 = -j*q + h. What is the tens digit of q?
3
Suppose 115 = -h + 121. Suppose h*s + 9 = 39. What is the units digit of s?
5
Let t = -2764 - -7443. What is the tens digit of t?
7
Suppose -56 = 7*v - 406. Let w = v - 24. What is the units digit of w?
6
Let l be ((-45)/(-20))/((-3)/(-56)). Let a = l + 8. What is the tens digit of a?
5
Let g = -57 + 97. Suppose 0 = -2*o + 10, 4*a + 2*o + 6 = g. Suppose 4*z + 142 = -3*r + a*r, 4*r = -2*z + 160. What is the units digit of r?
2
Suppose -10*o = -9*o + 90. Let k = -49 - o. What is the tens digit of k?
4
Let a = -311 + 1992. What is the thousands digit of a?
1
Let y = -63 + 78. What is the tens digit of 5/y*3 - -154?
5
Let t(r) = -4*r + 38. What is the tens digit of t(-17)?
0
Let s(y) be the third derivative of 143*y**5/60 - y**3/6 + 21*y**2. What is the units digit of s(-1)?
2
Let n = -18 - -48. What is the units digit of n/(-20) - 219/(-2)?
8
Let p = -127 - -40. Let k = p + 190. What is the tens digit of k?
0
Suppose -4*k = -3*k - 2, -3*d - 2*k + 454 = 0. What is the units digit of d?
0
Suppose -k + 31 = 26. Suppose -658 = -k*z - 88. What is the hundreds digit of z?
1
Let b = 503 + 314. What is the tens digit of b?
1
Let h(y) = 37*y + 27. What is the units digit of h(1)?
4
Suppose 10*y - 5*y = 2150. What is the units digit of y?
0
Let s(y) = -3*y**3 - 22*y**2 - 5*y + 30. What is the units digit of s(-10)?
0
Suppose -62*s = -54*s - 600. What is the units digit of s?
5
Let r be (-24)/24*(-218 + 0). Let g = r + -144. What is the tens digit of g?
7
Let t(q) = -q**3 + 11*q**2 - 14*q + 12. Let y be t(8). Suppose -2*s - 261 = -5*o - y, -5*o + 159 = 3*s. What is the units digit of o?
3
Let s be (6/4)/((-3)/(-18)). Suppose -3*g + p + 150 = 21, 3*p = s. What is the tens digit of g?
4
Let i(t) = -2*t**3 + 13*t**2 - 13*t - 10. Let k be i(5). Suppose k = -3*n - 58 + 328. What is the units digit of n?
0
Suppose 195 = 3*r - 441. What is the hundreds digit of r?
2
Suppose -4*u + 180 = -4*c, 2*u - 3*u + 48 = 2*c. Let p = u + -28. What is the tens digit of 644/p + 2/9?
3
Let a = 270 + 23. What is the tens digit of a?
9
Let t(j) be the third derivative of -j**5/60 - j**4/2 + 8*j**3/3 + 5*j**2. Let y be t(-13). Let q(d) = 5*d**2 + 2*d + 1. What is the tens digit of q(y)?
5
Let b(x) = 4*x**2 + x - 20. What is the hundreds digit of b(-13)?
6
Let r be -3*(5856/18)/(-4). What is the tens digit of (-15)/(-6)*3/(15/r)?
2
Let o(c) = -c + 2. Let z be o(-15). Let i = -12 + z. Suppose -i*d + 43 = -127. What is the tens digit of d?
3
Let i = -5 - -5. Suppose -2*w + 3*w - 19 = 0. Suppose z - 5*s - w = i, -z + 10 = -s - 9. What is the units digit of z?
9
Suppose 2*a + 0*f = 5*f + 12564, 12564 = 2*a - f. What is the tens digit of a?
8
Suppose 0*h - 6 = -6*h. Let f be (148/6)/((-4)/(-6)). What is the units digit of -3 + 3 + f - h?
6
Suppose -4*u = -52 - 2156. What is the tens digit of u?
5
Let i be ((-51)/(-2))/(18/(-24)). Let r = 98 + i. What is the tens digit of r?
6
Let v(a) = 6*a - 10. Let z be v(5). Suppose 21 + z = c. Suppose 0 = o - 3*r - 21, -c = -3*o - 3*r + r. What is the units digit of o?
5
Let l(i) = 4*i**3 - 3*i**2 + 2*i - 19. What is the hundreds digit of l(6)?
7
Let v be 16 + ((-2)/(-4) - 35/10). What is the units digit of 20/(-130) - (2 - 1081/v)?
1
Suppose a - 5*a = -8. Suppose 3*y - 49 = a*w, -w + 5 - 37 = y. What is the units digit of (0 - (-2 - w))*-1?
7
Let m = 1 - -1. Suppose 0 = 4*y + m*b - 14, -5*y - b + 3*b + 13 = 0. Suppose t + y = 8. What is the units digit of t?
5
Let h = 34 + -34. Suppose 4*l = 5*i - 259, 0 = -5*i - h*l - l + 254. What is the units digit of i?
1
Suppose 0 = -4*g - x + 2604, 3*x = 9*g - 11*g + 1302. What is the tens digit of g?
5
Let b be (-1 + 11)/5 + -10. What is the tens digit of ((-135)/18)/(2/b)?
3
Suppose -10304 = -14*t + 6*t. What is the units digit of t?
8
Suppose -4*a - 130 = -5*r, -3*r + r + 29 = 3*a. Suppose -z + r = -46. What is the units digit of z?
8
Suppose 3 = 4*j + 2*s - 21, -j = -5*s - 17. Suppose j*f + 425 = 12*f. What is the tens digit of f?
8
Let x be 3 + 5/10*4. Suppose -3*q + 267 + 450 = 5*d, 5*d - 725 = -x*q. What is the tens digit of d?
4
What is the tens digit of ((-2837)/2)/(-6 + (-88)/(-16))?
3
Suppose 0 = -3*z - 2*x + 6872, -15*z + 10*z + 11462 = -x. What is the tens digit of z?
9
Suppose -9 = -y + 5*f, -y - 4*y = 3*f - 17. Let v = -42 + 62. What is the tens digit of 142/10 - y/v?
1
Let i = -62 + 106. Suppose k + i = 2*k. Suppose -5*p + 26 = -k. What is the tens digit of p?
1
Let z(m) = 6*m**2 - 11*m + 13. What is the units digit of z(17)?
0
What is the units digit of (14 + (404 - -7))/(1/1)?
5
Let i(p) = -13 - 5 + 6*p + 3. What is the units digit of i(9)?
9
Let i be 0 - -1 - -2 - 6. Let j be -2*(-1 + 25)/i. Let z = 29 - j. What is the units digit of z?
3
Let u = -263 + 494. What is the hundreds digit of u?
2
What is the units digit of (-5887)/(-14) - (3 + -7)/(-8)?
0
Let s(c) = -6*c + 16. Let p be s(8). Let k = -17 - p. What is the tens digit of k?
1
What is the tens digit of -3*2696/(-9) - (-18)/(-27)?
9
Let b = 40 - 38. Let j(p) be the first derivative of 2*p**2 + 4. What is the units digit of j(b)?
8
Suppose n + 3452 = 4*u, 884 = u + 5*n - 0. Suppose 19*r - u = 16*r. What is the hundreds digit of r?
2
Suppose 0*l - 1347 = -5*l - 3*v, -5*l - v = -1349. Suppose 0 = -6*r + 24 + l. What is the tens digit of r?
4
Let x = -12 - -35. Suppose 0 = 3*w - j - 1, -27 = -4*w - 3*j - 4. Suppose w*d = d + x. What is the units digit of d?
3
Let s(p) = p**3 - 5*p**2 - 8*p + 15. Let r be s(6). Suppose -2*c - 250 = -5*v, -v + 4*c + r + 47 = 0. What is the tens digit of v?
5
Suppose -5*y = -5*s - 56 + 326, -3*s - 88 = 2*y. Let z = 109 + y. What is the tens digit of z?
5
Suppose -7*z + 13 = -1. Suppose z = f - 21. What is the units digit of f?
3
Suppose -k + 66 = -27. Suppose -k = -5*r - y + 5*y, -r + 5*y = -6. What is the tens digit of r?
2
Suppose 3*m - 20 = -5. Suppose -m*c + 13 = -2. Suppose 69 + 9 = c*q. What is the units digit of q?
6
Let x(t) = -4*t - 29. Suppose -3*g - 3*l - 18 = 33, -37 = 2*g + 3*l. What is the units digit of x(g)?
7
Suppose 3*n + 2*n + 5*a = -15, 2*n + 5*a = -3. Let w(v) = -5*v**3 - v**2 + 5*v - 5. What is the units digit of w(n)?
9
Suppose 0 = q - 5*w - 31, 0*q - 2*q - 3*w - 3 = 0. Let a(m) = 11*m - 63. What is the units digit of a(q)?
3
Suppose 1395 = 5*g - 3*h, g - 360 = 5*h - 81. What is the units digit of g?
9
Let y(l) = -l**3 - 6*l**2 - 4*l - 8. Let k be -4 - 5/((-20)/(-8)). What is the units digit of y(k)?
6
Suppose 0 = 2*w + 2*j - 1268, -3*j + 6*j = -4*w + 2537. What is the hundreds digit of w?
6
Suppose -15*h - 23*h + 26220 = 0. What is the tens digit of h?
9
Let h be 694/14 + 3/7. Suppose -3*b - 8 = -h. Suppose 4*j = b + 10. What is the units digit of j?
6
Let c(y) = -97*y - 512. What is the tens digit of c(-23)?
1
Let r(q) = -q**3 + 2*q**2 - 5*q + 4590. What is the hundreds digit of r(0)?
5
Suppose 3*i - 924 = -3*s, 2*s - 2*i = -3*s + 1575. What is the tens digit of s?
1
Let i = 818 - 475. What is the tens digit of i